{"version":"1.0","provider_name":"Medi-lab Labordiagnosztika","provider_url":"https:\/\/medilab.mainpage.hu\/en","author_name":"admin","author_url":"https:\/\/medilab.mainpage.hu\/en\/author\/admin\/","title":"Munkat\u00e1rsaink - Medi-lab Labordiagnosztika","type":"rich","width":600,"height":338,"html":"<blockquote class=\"wp-embedded-content\" data-secret=\"q9Y3fJtvGV\"><a href=\"https:\/\/medilab.mainpage.hu\/en\/munkatarsaink\/\">Colleagues<\/a><\/blockquote><iframe sandbox=\"allow-scripts\" security=\"restricted\" src=\"https:\/\/medilab.mainpage.hu\/en\/munkatarsaink\/embed\/#?secret=q9Y3fJtvGV\" width=\"600\" height=\"338\" title=\"&#8220;Munkat\u00e1rsaink&#8221; &#8212; Medi-lab Labordiagnosztika\" data-secret=\"q9Y3fJtvGV\" frameborder=\"0\" marginwidth=\"0\" marginheight=\"0\" scrolling=\"no\" class=\"wp-embedded-content\"><\/iframe><script type=\"text\/javascript\">\n\/*! This file is auto-generated *\/\n!function(c,d){\"use strict\";var e=!1,o=!1;if(d.querySelector)if(c.addEventListener)e=!0;if(c.wp=c.wp||{},c.wp.receiveEmbedMessage);else if(c.wp.receiveEmbedMessage=function(e){var t=e.data;if(!t);else if(!(t.secret||t.message||t.value));else if(\/[^a-zA-Z0-9]\/.test(t.secret));else{for(var r,s,a,i=d.querySelectorAll('iframe[data-secret=\"'+t.secret+'\"]'),n=d.querySelectorAll('blockquote[data-secret=\"'+t.secret+'\"]'),o=new RegExp(\"^https?:$\",\"i\"),l=0;l<n.length;l++)n[l].style.display=\"none\";for(l=0;l<i.length;l++)if(r=i[l],e.source!==r.contentWindow);else{if(r.removeAttribute(\"style\"),\"height\"===t.message){if(1e3<(s=parseInt(t.value,10)))s=1e3;else if(~~s<200)s=200;r.height=s}if(\"link\"===t.message)if(s=d.createElement(\"a\"),a=d.createElement(\"a\"),s.href=r.getAttribute(\"src\"),a.href=t.value,!o.test(a.protocol));else if(a.host===s.host)if(d.activeElement===r)c.top.location.href=t.value}}},e)c.addEventListener(\"message\",c.wp.receiveEmbedMessage,!1),d.addEventListener(\"DOMContentLoaded\",t,!1),c.addEventListener(\"load\",t,!1);function t(){if(o);else{o=!0;for(var e,t,r,s=-1!==navigator.appVersion.indexOf(\"MSIE 10\"),a=!!navigator.userAgent.match(\/Trident.*rv:11\\.\/),i=d.querySelectorAll(\"iframe.wp-embedded-content\"),n=0;n<i.length;n++){if(!(r=(t=i[n]).getAttribute(\"data-secret\")))r=Math.random().toString(36).substr(2,10),t.src+=\"#?secret=\"+r,t.setAttribute(\"data-secret\",r);if(s||a)(e=t.cloneNode(!0)).removeAttribute(\"security\"),t.parentNode.replaceChild(e,t);t.contentWindow.postMessage({message:\"ready\",secret:r},\"*\")}}}}(window,document);\n<\/script>","description":"Irodai munkat\u00e1rsak Dr. Bartuczn\u00e9 Makay \u00c1gnes Igazgat\u00f3 1993 \u00f3ta vezeti a c\u00e9get, f\u0151bb ter\u00fcletei: besz\u00e1ll\u00edt\u00f3i szakmai kapcsolattart\u00e1s, piackutat\u00e1s, gy\u00e1rt\u00f3i-vev\u0151i kapcsolatok fejleszt\u00e9se, \u00faj szakmai ter\u00fcletek keres\u00e9se. Dr. Bartucz J\u00f3zsef Szakgy\u00f3gyszer\u00e9sz, igazgat\u00f3 1993 \u00f3ta vezeti a c\u00e9get, f\u0151bb ter\u00fcletei: szakmai, gazdas\u00e1gi \u00e9s p\u00e9nz\u00fcgyi \u00fcgyvezet\u00e9s, piackutat\u00e1s, \u00faj szakmai kih\u00edv\u00e1sok megval\u00f3s\u00edt\u00e1sa. F\u00fcl\u00f6pn\u00e9 Jakab Krisztina Rendel\u00e9sfelv\u00e9tel, sz\u00e1ml\u00e1z\u00e1s, k\u00e9szletnyilv\u00e1ntart\u00e1s Sok \u00e9ves eg\u00e9szs\u00e9g\u00fcgyi anyaggazd\u00e1lkod\u00e1si tapasztalattal rendelkez\u0151 munkat\u00e1rs; t\u00e1mogatja a c\u00e9g sz\u00e1ml\u00e1z\u00e1si, k\u00e9szletgazd\u00e1lkod\u00e1si tev\u00e9kenys\u00e9g\u00e9t, nyilv\u00e1ntartja a rendel\u00e9seket, valamint felel\u0151s a c\u00e9g logisztikai tev\u00e9kenys\u00e9g\u00e9nek tervez\u00e9s\u00e9\u00e9rt. Egy\u00fcd Adrienn Rendel\u00e9sfelv\u00e9tel, p\u00e1ly\u00e1zatok T\u00f6bb \u00e9ves eg\u00e9szs\u00e9g\u00fcgyi \u00fczleti ter\u00fcleten szerzett tapasztalat\u00e1val, napi szinten koordin\u00e1lja a sz\u00e1mviteli \u00e9s k\u00e9szletgazd\u00e1lkod\u00e1si tev\u00e9kenys\u00e9geket, dolgozza ki a k\u00f6zbeszerz\u00e9si aj\u00e1nlatad\u00e1sokat,...","thumbnail_url":"https:\/\/medilab.mainpage.hu\/wp-content\/uploads\/2020\/10\/logo_Logo-full-on-light-2.png","thumbnail_width":513,"thumbnail_height":200}

Munkatársaink - Medi-lab Labordiagnosztika

<blockquote class="wp-embedded-content" data-secret="q9Y3fJtvGV"><a href="https://medilab.mainpage.hu/en/munkatarsaink/">Colleagues</a></blockquote><iframe sandbox="allow-scripts" security="restricted" src="https://medilab.mainpage.hu/en/munkatarsaink/embed/#?secret=q9Y3fJtvGV" width="600" height="338" title="&#8220;Munkatársaink&#8221; &#8212; Medi-lab Labordiagnosztika" data-secret="q9Y3fJtvGV" frameborder="0" marginwidth="0" marginheight="0" scrolling="no" class="wp-embedded-content"></iframe><script type="text/javascript">
/*! This file is auto-generated */
!function(c,d){"use strict";var e=!1,o=!1;if(d.querySelector)if(c.addEventListener)e=!0;if(c.wp=c.wp||{},c.wp.receiveEmbedMessage);else if(c.wp.receiveEmbedMessage=function(e){var t=e.data;if(!t);else if(!(t.secret||t.message||t.value));else if(/[^a-zA-Z0-9]/.test(t.secret));else{for(var r,s,a,i=d.querySelectorAll('iframe[data-secret="'+t.secret+'"]'),n=d.querySelectorAll('blockquote[data-secret="'+t.secret+'"]'),o=new RegExp("^https?:$","i"),l=0;l<n.length;l++)n[l].style.display="none";for(l=0;l<i.length;l++)if(r=i[l],e.source!==r.contentWindow);else{if(r.removeAttribute("style"),"height"===t.message){if(1e3<(s=parseInt(t.value,10)))s=1e3;else if(~~s<200)s=200;r.height=s}if("link"===t.message)if(s=d.createElement("a"),a=d.createElement("a"),s.href=r.getAttribute("src"),a.href=t.value,!o.test(a.protocol));else if(a.host===s.host)if(d.activeElement===r)c.top.location.href=t.value}}},e)c.addEventListener("message",c.wp.receiveEmbedMessage,!1),d.addEventListener("DOMContentLoaded",t,!1),c.addEventListener("load",t,!1);function t(){if(o);else{o=!0;for(var e,t,r,s=-1!==navigator.appVersion.indexOf("MSIE 10"),a=!!navigator.userAgent.match(/Trident.*rv:11\./),i=d.querySelectorAll("iframe.wp-embedded-content"),n=0;n<i.length;n++){if(!(r=(t=i[n]).getAttribute("data-secret")))r=Math.random().toString(36).substr(2,10),t.src+="#?secret="+r,t.setAttribute("data-secret",r);if(s||a)(e=t.cloneNode(!0)).removeAttribute("security"),t.parentNode.replaceChild(e,t);t.contentWindow.postMessage({message:"ready",secret:r},"*")}}}}(window,document);
</script>

Irodai munkatársak Dr. Bartuczné Makay Ágnes Igazgató 1993 óta vezeti a céget, főbb területei: beszállítói szakmai kapcsolattartás, piackutatás, gyártói-vevői kapcsolatok fejlesztése, új szakmai területek keresése. Dr. Bartucz József Szakgyógyszerész, igazgató 1993 óta vezeti a céget, főbb területei: szakmai, gazdasági és pénzügyi ügyvezetés, piackutatás, új szakmai kihívások megvalósítása. Fülöpné Jakab Krisztina Rendelésfelvétel, számlázás, készletnyilvántartás Sok éves egészségügyi anyaggazdálkodási tapasztalattal rendelkező munkatárs; támogatja a cég számlázási, készletgazdálkodási tevékenységét, nyilvántartja a rendeléseket, valamint felelős a cég logisztikai tevékenységének tervezéséért. Együd Adrienn Rendelésfelvétel, pályázatok Több éves egészségügyi üzleti területen szerzett tapasztalatával, napi szinten koordinálja a számviteli és készletgazdálkodási tevékenységeket, dolgozza ki a közbeszerzési ajánlatadásokat,...
